 3 a factor of 28624203?
True
Does 519 divide 1211610358?
False
Is 307505847 a multiple of 2198?
False
Is 84 a factor of 57642228?
True
Does 167 divide 6167193?
False
Is 1624007765 a multiple of 5?
True
Does 138 divide 30207372?
True
Does 17 divide 2954889?
True
Is 269 a factor of 462108106?
True
Is 21633770 a multiple of 151?
True
Does 1157 divide 160202949?
False
Is 485664 a multiple of 21?
False
Is 1118596162 a multiple of 61?
True
Is 5056 a factor of 1604390144?
True
Does 14 divide 712510346?
False
Is 51717299 a multiple of 326?
False
Is 28685283 a multiple of 210?
False
Is 271 a factor of 27514630?
True
Does 2977 divide 110479191?
False
Is 5390 a factor of 99089760?
True
Is 65106276 a multiple of 122?
True
Does 20 divide 590449460?
True
Is 96 a factor of 43680921?
False
Is 31 a factor of 20119234?
False
Is 1411626 a multiple of 184?
False
Is 93636961 a multiple of 14?
False
Is 16 a factor of 1635692996?
False
Is 3703 a factor of 3610784191?
True
Does 3083 divide 558793750?
True
Is 49 a factor of 28004529?
True
Is 422 a factor of 513044282?
False
Is 29 a factor of 1715597863?
True
Is 42 a factor of 750475165?
False
Does 95 divide 70241765?
True
Is 65 a factor of 1243190?
True
Does 34 divide 87728563?
False
Does 43 divide 95047544?
True
Is 335 a factor of 24291449?
False
Is 2510010240 a multiple of 276?
True
Is 16143128 a multiple of 8?
True
Does 5782 divide 3457127184?
True
Is 17756123 a multiple of 11?
True
Does 16 divide 477155408?
True
Is 12 a factor of 23573652?
True
Does 81 divide 455988518?
False
Is 86866320 a multiple of 20?
True
Is 93 a factor of 71319641?
False
Is 1204 a factor of 214278797?
False
Is 292 a factor of 118937543?
False
Is 253738705 a multiple of 589?
False
Is 600515232 a multiple of 84?
False
Is 27 a factor of 777728369?
False
Does 3 divide 5305230?
True
Does 99 divide 4683093267?
False
Is 1661730426 a multiple of 309?
False
Does 2350 divide 32453678?
False
Does 135 divide 2305595610?
True
Is 12549023 a multiple of 1130?
False
Does 78 divide 3112189?
False
Is 93 a factor of 8337542?
False
Is 117862888 a multiple of 13?
True
Is 64594452 a multiple of 361?
True
Is 2366 a factor of 63167468?
True
Does 5 divide 69097085?
True
Does 21 divide 125850942?
True
Is 132 a factor of 12414600?
True
Is 299 a factor of 7434405?
False
Is 63 a factor of 1336905529?
False
Does 2 divide 4123155?
False
Is 16100022 a multiple of 19?
False
Does 4099 divide 346181045?
True
Is 1315 a factor of 8977778?
False
Is 1305444401 a multiple of 2079?
False
Is 185514770 a multiple of 14?
True
Is 36 a factor of 149061425?
False
Does 372 divide 315401891?
False
Is 32 a factor of 56767744?
True
Is 111747918 a multiple of 111?
True
Does 6083 divide 26582710?
True
Is 1848 a factor of 155017094?
False
Is 448 a factor of 98947968?
True
Does 101 divide 221040328?
False
Does 26 divide 1487053639?
False
Is 319 a factor of 8323348?
True
Is 203313336 a multiple of 2188?
True
Does 2390 divide 223574940?
True
Is 2857 a factor of 54748691?
True
Does 27 divide 17130583?
False
Is 46 a factor of 3801938962?
True
Is 123 a factor of 345180752?
False
Does 371 divide 9577365?
True
Is 159 a factor of 7005818?
False
Does 96 divide 19148544?
True
Is 458671383 a multiple of 25?
False
Is 20846246 a multiple of 42?
False
Does 3715 divide 111850268?
False
Is 213054537 a multiple of 1497?
True
Does 620 divide 8427660?
True
Is 916241638 a multiple of 89?
False
Is 188340425 a multiple of 2275?
True
Is 461553928 a multiple of 5?
False
Is 684 a factor of 14350726?
False
Is 14 a factor of 73693172?
True
Is 452 a factor of 29930536?
True
Is 685 a factor of 35580447?
False
Is 84 a factor of 623324352?
True
Does 170 divide 2301120?
True
Is 14117871 a multiple of 65?
False
Is 3710127250 a multiple of 891?
False
Does 4735 divide 1538264185?
True
Is 1679 a factor of 25428455?
True
Does 155 divide 64182865?
True
Is 58 a factor of 73152500?
True
Does 2382 divide 3964091801?
False
Is 4322109428 a multiple of 118?
True
Is 1173 a factor of 142443383?
False
Is 56 a factor of 251111280?
True
Does 16 divide 56438944?
True
Is 235 a factor of 744356045?
False
Is 646118118 a multiple of 9447?
True
Is 75 a factor of 307379360?
False
Is 45217683 a multiple of 274?
False
Is 41 a factor of 3778700671?
True
Is 131 a factor of 154642880?
True
Is 2578 a factor of 92712100?
False
Is 1258741495 a multiple of 529?
False
Is 210358808 a multiple of 1798?
True
Is 26 a factor of 9239272?
False
Does 150 divide 100817?
False
Does 221 divide 62106570?
False
Is 49 a factor of 5322495316?
False
Is 278 a factor of 3360742?
True
Is 42831030 a multiple of 3210?
True
Does 2694 divide 329141036?
False
Is 13579872 a multiple of 3?
True
Is 152836800 a multiple of 2040?
True
Is 67921786 a multiple of 67?
True
Is 13 a factor of 743288?
True
Is 599602528 a multiple of 224?
True
Does 360 divide 4352289840?
True
Is 2184 a factor of 45508028?
False
Is 69767300 a multiple of 5?
True
Is 280 a factor of 14891523?
False
Does 2520 divide 530495280?
True
Does 68 divide 43593532?
False
Is 10056824 a multiple of 718?
False
Is 597 a factor of 111714819?
True
Is 71 a factor of 2940613603?
True
Is 84046077 a multiple of 15?
False
Does 4003 divide 6875365395?
False
Is 139120590 a multiple of 15?
True
Is 77559893 a multiple of 145?
False
Is 42290508 a multiple of 1294?
True
Is 61906880 a multiple of 1015?
True
Is 56177520 a multiple of 2040?
True
Is 27 a factor of 64628567?
False
Is 168 a factor of 9379776?
True
Is 34950288 a multiple of 29?
False
Does 1534 divide 19420649?
False
Does 369 divide 914228835?
False
Is 711 a factor of 227806533?
True
Is 810181889 a multiple of 2203?
True
Is 8200098 a multiple of 23?
True
Is 1830 a factor of 182039250?
True
Is 1690 a factor of 1060229950?
True
Is 961198460 a multiple of 393?
False
Is 698022321 a multiple of 691?
False
Is 2049708670 a multiple of 3130?
True
Is 137960148 a multiple of 547?
False
Is 49186816 a multiple of 511?
True
Is 47707479 a multiple of 23?
False
Does 3 divide 116526?
True
Is 82 a factor of 86324844?
True
Is 354252528 a multiple of 2268?
True
Does 2781 divide 417879824?
False
Is 1214742142 a multiple of 4057?
False
Is 245 a factor of 381220?
True
Is 2046026 a multiple of 43?
True
Is 4317109 a multiple of 659?
True
Is 45 a factor of 1420977825?
True
Is 36326558 a multiple of 12?
False
Is 20317066 a multiple of 401?
True
Is 2001 a factor of 110133039?
True
Is 50640838 a multiple of 479?
True
Is 898 a factor of 479532?
True
Is 14 a factor of 29633925?
False
Is 460 a factor of 4454180?
True
Does 142 divide 30857554?
False
Is 3645320827 a multiple of 214?
False
Is 1314 a factor of 1138429455?
False
Is 893 a factor of 108633450?
True
Does 106 divide 8222738?
True
Is 13 a factor of 1975961?
True
Does 1242 divide 1030427784?
True
Is 2062 a factor of 75754489?
False
Is 46 a factor of 19327110?
False
Is 151 a factor of 1275620106?
False
Is 6 a factor of 337692451?
False
Is 465 a factor of 60878730?
True
Is 344 a factor of 374270624?
True
Is 84714005 a multiple of 355?
True
Is 107 a factor of 100697610?
False
Is 3375032622 a multiple of 78?
True
Is 5 a factor of 12429740?
True
Does 87 divide 17331792?
True
Does 1345 divide 132878504?
False
Is 47 a factor of 469722794?
True
Is 114592702 a multiple of 257?
True
Is 95878175 a multiple of 1075?
True
Does 45 divide 9523521?
False
Is 51905490 a multiple of 21?
True
Is 3356190 a multiple of 534?
True
Is 3228120 a multiple of 392?
True
Is 4 a factor of 1081340232?
True
Is 312 a factor of 200423480?
False
Is 31512240 a multiple of 243?
True
Is 1936062554 a multiple of 342?
False
Is 186 a factor of 43365900?
True
Is 1731 a factor of 735706248?
False
Is 36535460 a multiple of 95?
False
Is 201271616 a multiple of 832?
True
Is 40 a factor of 81316280?
True
Is 304848854 a multiple of 713?
True
Is 74220042 a multiple of 13?
True
Is 1853 a factor of 31597356?
True
Is 11876487 a multiple of 67?
True
Does 43 divide 206247909?
True
Is 18 a factor of 125637876?
True
Does 488 divide 416752?
True
Is 2683312751 a multiple of 43?
False
Is 34842219 a multiple of 12?
False
Does 10 divide 819256?
False
Is 398 a factor of 59490818?
False
Is 307 a factor of 35891342?
False
Is 761991846 a multiple of 14?
True
Is 10204182 a multiple of 153?
True
Is 235017324 a multiple